{"id":456,"date":"2020-10-22T12:54:49","date_gmt":"2020-10-22T11:54:49","guid":{"rendered":"http:\/\/herblaybasket.fr\/?page_id=456"},"modified":"2024-12-20T17:54:00","modified_gmt":"2024-12-20T16:54:00","slug":"u17","status":"publish","type":"page","link":"http:\/\/herblaybasket.fr\/?page_id=456","title":{"rendered":"U17 Gar\u00e7ons"},"content":{"rendered":"\t\t<div data-elementor-type=\"wp-page\" data-elementor-id=\"456\" class=\"elementor elementor-456\" data-elementor-post-type=\"page\">\n\t\t\t\t\t\t<section class=\"elementor-section elementor-top-section elementor-element elementor-element-f094efb elementor-section-boxed elementor-section-height-default elementor-section-height-default\" data-id=\"f094efb\" data-element_type=\"section\" data-e-type=\"section\">\n\t\t\t\t\t\t<div class=\"elementor-container elementor-column-gap-default\">\n\t\t\t\t\t<div class=\"elementor-column elementor-col-100 elementor-top-column elementor-element elementor-element-6869437\" data-id=\"6869437\" data-element_type=\"column\" data-e-type=\"column\">\n\t\t\t<div class=\"elementor-widget-wrap elementor-element-populated\">\n\t\t\t\t\t\t<div class=\"elementor-element elementor-element-2250c6e elementor-widget elementor-widget-heading\" data-id=\"2250c6e\" data-element_type=\"widget\" data-e-type=\"widget\" data-widget_type=\"heading.default\">\n\t\t\t\t<div class=\"elementor-widget-container\">\n\t\t\t\t\t<h2 class=\"elementor-heading-title elementor-size-large\">U17 Gar\u00e7ons<\/h2>\t\t\t\t<\/div>\n\t\t\t\t<\/div>\n\t\t\t\t\t<\/div>\n\t\t<\/div>\n\t\t\t\t\t<\/div>\n\t\t<\/section>\n\t\t\t\t<section class=\"elementor-section elementor-top-section elementor-element elementor-element-29f8662 elementor-section-boxed elementor-section-height-default elementor-section-height-default\" data-id=\"29f8662\" data-element_type=\"section\" data-e-type=\"section\">\n\t\t\t\t\t\t<div class=\"elementor-container elementor-column-gap-default\">\n\t\t\t\t\t<div class=\"elementor-column elementor-col-100 elementor-top-column elementor-element elementor-element-9bc2fad\" data-id=\"9bc2fad\" data-element_type=\"column\" data-e-type=\"column\">\n\t\t\t<div class=\"elementor-widget-wrap elementor-element-populated\">\n\t\t\t\t\t\t<div class=\"elementor-element elementor-element-b3ea13f elementor-widget-divider--view-line elementor-widget elementor-widget-divider\" data-id=\"b3ea13f\" data-element_type=\"widget\" data-e-type=\"widget\" data-widget_type=\"divider.default\">\n\t\t\t\t<div class=\"elementor-widget-container\">\n\t\t\t\t\t\t\t<div class=\"elementor-divider\">\n\t\t\t<span class=\"elementor-divider-separator\">\n\t\t\t\t\t\t<\/span>\n\t\t<\/div>\n\t\t\t\t\t\t<\/div>\n\t\t\t\t<\/div>\n\t\t\t\t\t<\/div>\n\t\t<\/div>\n\t\t\t\t\t<\/div>\n\t\t<\/section>\n\t\t\t\t<section class=\"elementor-section elementor-top-section elementor-element elementor-element-2568de7e elementor-section-boxed elementor-section-height-default elementor-section-height-default\" data-id=\"2568de7e\" data-element_type=\"section\" data-e-type=\"section\">\n\t\t\t\t\t\t<div class=\"elementor-container elementor-column-gap-default\">\n\t\t\t\t\t<div class=\"elementor-column elementor-col-100 elementor-top-column elementor-element elementor-element-90297b2\" data-id=\"90297b2\" data-element_type=\"column\" data-e-type=\"column\">\n\t\t\t<div class=\"elementor-widget-wrap elementor-element-populated\">\n\t\t\t\t\t\t<div class=\"elementor-element elementor-element-c0f23c9 elementor-widget elementor-widget-image\" data-id=\"c0f23c9\" data-element_type=\"widget\" data-e-type=\"widget\" data-widget_type=\"image.default\">\n\t\t\t\t<div class=\"elementor-widget-container\">\n\t\t\t\t\t\t\t\t\t\t\t\t\t\t\t<img fetchpriority=\"high\" decoding=\"async\" width=\"1600\" height=\"1200\" src=\"https:\/\/herblaybasket.fr\/wp-content\/uploads\/WhatsApp-Image-2024-11-10-at-19.44.01.jpeg\" class=\"attachment-large size-large wp-image-3272\" alt=\"\u00c9quipe U17M HBBC\" srcset=\"https:\/\/herblaybasket.fr\/wp-content\/uploads\/WhatsApp-Image-2024-11-10-at-19.44.01.jpeg 1600w, https:\/\/herblaybasket.fr\/wp-content\/uploads\/WhatsApp-Image-2024-11-10-at-19.44.01-768x576.jpeg 768w, https:\/\/herblaybasket.fr\/wp-content\/uploads\/WhatsApp-Image-2024-11-10-at-19.44.01-1536x1152.jpeg 1536w, https:\/\/herblaybasket.fr\/wp-content\/uploads\/WhatsApp-Image-2024-11-10-at-19.44.01-678x509.jpeg 678w, https:\/\/herblaybasket.fr\/wp-content\/uploads\/WhatsApp-Image-2024-11-10-at-19.44.01-326x245.jpeg 326w, https:\/\/herblaybasket.fr\/wp-content\/uploads\/WhatsApp-Image-2024-11-10-at-19.44.01-80x60.jpeg 80w\" sizes=\"(max-width: 1600px) 100vw, 1600px\" \/>\t\t\t\t\t\t\t\t\t\t\t\t\t\t\t<\/div>\n\t\t\t\t<\/div>\n\t\t\t\t<div class=\"elementor-element elementor-element-5a45b452 elementor-widget elementor-widget-text-editor\" data-id=\"5a45b452\" data-element_type=\"widget\" data-e-type=\"widget\" data-widget_type=\"text-editor.default\">\n\t\t\t\t<div class=\"elementor-widget-container\">\n\t\t\t\t\t\t\t\t\t\n<p style=\"text-align: center;\">Coach Mathis &amp; Yanis<\/p>\n<p style=\"text-align: center;\">Lundi de 21h00 \u00e0 22H30<br \/><br \/>Mercredi de 19H30 \u00e0 21H00<br \/><br \/><strong>\u00bb Gymnase des Naquettes<\/strong><\/p>\n\t\t\t\t\t\t\t\t<\/div>\n\t\t\t\t<\/div>\n\t\t\t\t\t<\/div>\n\t\t<\/div>\n\t\t\t\t\t<\/div>\n\t\t<\/section>\n\t\t\t\t<section class=\"elementor-section elementor-top-section elementor-element elementor-element-a80d1c1 elementor-section-boxed elementor-section-height-default elementor-section-height-default\" data-id=\"a80d1c1\" data-element_type=\"section\" data-e-type=\"section\">\n\t\t\t\t\t\t<div class=\"elementor-container elementor-column-gap-default\">\n\t\t\t\t\t<div class=\"elementor-column elementor-col-100 elementor-top-column elementor-element elementor-element-11eb2df\" data-id=\"11eb2df\" data-element_type=\"column\" data-e-type=\"column\">\n\t\t\t<div class=\"elementor-widget-wrap elementor-element-populated\">\n\t\t\t\t\t\t<div class=\"elementor-element elementor-element-ce0d369 elementor-widget elementor-widget-google_maps\" data-id=\"ce0d369\" data-element_type=\"widget\" data-e-type=\"widget\" data-widget_type=\"google_maps.default\">\n\t\t\t\t<div class=\"elementor-widget-container\">\n\t\t\t\t\t\t\t<div class=\"elementor-custom-embed\">\n\t\t\t<iframe loading=\"lazy\"\n\t\t\t\t\tsrc=\"https:\/\/maps.google.com\/maps?q=1%20Rue%20Alexandre%20Dumas%2C%20Herblay&#038;t=m&#038;z=12&#038;output=embed&#038;iwloc=near\"\n\t\t\t\t\ttitle=\"1 Rue Alexandre Dumas, Herblay\"\n\t\t\t\t\taria-label=\"1 Rue Alexandre Dumas, Herblay\"\n\t\t\t><\/iframe>\n\t\t<\/div>\n\t\t\t\t\t\t<\/div>\n\t\t\t\t<\/div>\n\t\t\t\t\t<\/div>\n\t\t<\/div>\n\t\t\t\t\t<\/div>\n\t\t<\/section>\n\t\t\t\t<\/div>\n\t\t","protected":false},"excerpt":{"rendered":"<div class=\"mh-excerpt\"><p>U17 Gar\u00e7ons Coach Mathis &amp; Yanis Lundi de 21h00 \u00e0 22H30 Mercredi de 19H30 \u00e0 21H00 \u00bb Gymnase des Naquettes<\/p>\n<\/div>","protected":false},"author":3,"featured_media":1231,"parent":0,"menu_order":0,"comment_status":"closed","ping_status":"closed","template":"","meta":{"cybocfi_hide_featured_image":"","footnotes":""},"class_list":["post-456","page","type-page","status-publish","has-post-thumbnail","hentry"],"yoast_head":"<!-- This site is optimized with the Yoast SEO plugin v27.5 - https:\/\/yoast.com\/product\/yoast-seo-wordpress\/ -->\n<title>U17 Gar\u00e7ons - Herblay Basketball Club<\/title>\n<meta name=\"robots\" content=\"index, follow, max-snippet:-1, max-image-preview:large, max-video-preview:-1\" \/>\n<link rel=\"canonical\" href=\"https:\/\/herblaybasket.fr\/?page_id=456\" \/>\n<meta property=\"og:locale\" content=\"fr_FR\" \/>\n<meta property=\"og:type\" content=\"article\" \/>\n<meta property=\"og:title\" content=\"U17 Gar\u00e7ons - Herblay Basketball Club\" \/>\n<meta property=\"og:description\" content=\"U17 Gar\u00e7ons Coach Mathis &amp; Yanis Lundi de 21h00 \u00e0 22H30 Mercredi de 19H30 \u00e0 21H00 \u00bb Gymnase des Naquettes\" \/>\n<meta property=\"og:url\" content=\"https:\/\/herblaybasket.fr\/?page_id=456\" \/>\n<meta property=\"og:site_name\" content=\"Herblay Basketball Club\" \/>\n<meta property=\"article:modified_time\" content=\"2024-12-20T16:54:00+00:00\" \/>\n<meta property=\"og:image\" content=\"https:\/\/herblaybasket.fr\/wp-content\/uploads\/P1000183-scaled.jpg\" \/>\n\t<meta property=\"og:image:width\" content=\"2560\" \/>\n\t<meta property=\"og:image:height\" content=\"1920\" \/>\n\t<meta property=\"og:image:type\" content=\"image\/jpeg\" \/>\n<meta name=\"twitter:label1\" content=\"Dur\u00e9e de lecture estim\u00e9e\" \/>\n\t<meta name=\"twitter:data1\" content=\"1 minute\" \/>\n<script type=\"application\/ld+json\" class=\"yoast-schema-graph\">{\"@context\":\"https:\\\/\\\/schema.org\",\"@graph\":[{\"@type\":\"WebPage\",\"@id\":\"https:\\\/\\\/herblaybasket.fr\\\/?page_id=456\",\"url\":\"https:\\\/\\\/herblaybasket.fr\\\/?page_id=456\",\"name\":\"U17 Gar\u00e7ons - Herblay Basketball Club\",\"isPartOf\":{\"@id\":\"https:\\\/\\\/herblaybasket.fr\\\/#website\"},\"primaryImageOfPage\":{\"@id\":\"https:\\\/\\\/herblaybasket.fr\\\/?page_id=456#primaryimage\"},\"image\":{\"@id\":\"https:\\\/\\\/herblaybasket.fr\\\/?page_id=456#primaryimage\"},\"thumbnailUrl\":\"http:\\\/\\\/herblaybasket.fr\\\/wp-content\\\/uploads\\\/P1000183-scaled.jpg\",\"datePublished\":\"2020-10-22T11:54:49+00:00\",\"dateModified\":\"2024-12-20T16:54:00+00:00\",\"breadcrumb\":{\"@id\":\"https:\\\/\\\/herblaybasket.fr\\\/?page_id=456#breadcrumb\"},\"inLanguage\":\"fr-FR\",\"potentialAction\":[{\"@type\":\"ReadAction\",\"target\":[\"https:\\\/\\\/herblaybasket.fr\\\/?page_id=456\"]}]},{\"@type\":\"ImageObject\",\"inLanguage\":\"fr-FR\",\"@id\":\"https:\\\/\\\/herblaybasket.fr\\\/?page_id=456#primaryimage\",\"url\":\"http:\\\/\\\/herblaybasket.fr\\\/wp-content\\\/uploads\\\/P1000183-scaled.jpg\",\"contentUrl\":\"http:\\\/\\\/herblaybasket.fr\\\/wp-content\\\/uploads\\\/P1000183-scaled.jpg\",\"width\":2560,\"height\":1920},{\"@type\":\"BreadcrumbList\",\"@id\":\"https:\\\/\\\/herblaybasket.fr\\\/?page_id=456#breadcrumb\",\"itemListElement\":[{\"@type\":\"ListItem\",\"position\":1,\"name\":\"Accueil\",\"item\":\"https:\\\/\\\/herblaybasket.fr\\\/\"},{\"@type\":\"ListItem\",\"position\":2,\"name\":\"U17 Gar\u00e7ons\"}]},{\"@type\":\"WebSite\",\"@id\":\"https:\\\/\\\/herblaybasket.fr\\\/#website\",\"url\":\"https:\\\/\\\/herblaybasket.fr\\\/\",\"name\":\"Herblay Basketball Club\",\"description\":\"Air Blay!\",\"publisher\":{\"@id\":\"https:\\\/\\\/herblaybasket.fr\\\/#organization\"},\"potentialAction\":[{\"@type\":\"SearchAction\",\"target\":{\"@type\":\"EntryPoint\",\"urlTemplate\":\"https:\\\/\\\/herblaybasket.fr\\\/?s={search_term_string}\"},\"query-input\":{\"@type\":\"PropertyValueSpecification\",\"valueRequired\":true,\"valueName\":\"search_term_string\"}}],\"inLanguage\":\"fr-FR\"},{\"@type\":\"Organization\",\"@id\":\"https:\\\/\\\/herblaybasket.fr\\\/#organization\",\"name\":\"Herblay Basketball Club\",\"url\":\"https:\\\/\\\/herblaybasket.fr\\\/\",\"logo\":{\"@type\":\"ImageObject\",\"inLanguage\":\"fr-FR\",\"@id\":\"https:\\\/\\\/herblaybasket.fr\\\/#\\\/schema\\\/logo\\\/image\\\/\",\"url\":\"http:\\\/\\\/herblaybasket.fr\\\/wp-content\\\/uploads\\\/cropped-cropped-LOGO-HBBC-1.png\",\"contentUrl\":\"http:\\\/\\\/herblaybasket.fr\\\/wp-content\\\/uploads\\\/cropped-cropped-LOGO-HBBC-1.png\",\"width\":200,\"height\":100,\"caption\":\"Herblay Basketball Club\"},\"image\":{\"@id\":\"https:\\\/\\\/herblaybasket.fr\\\/#\\\/schema\\\/logo\\\/image\\\/\"}}]}<\/script>\n<!-- \/ Yoast SEO plugin. -->","yoast_head_json":{"title":"U17 Gar\u00e7ons - Herblay Basketball Club","robots":{"index":"index","follow":"follow","max-snippet":"max-snippet:-1","max-image-preview":"max-image-preview:large","max-video-preview":"max-video-preview:-1"},"canonical":"https:\/\/herblaybasket.fr\/?page_id=456","og_locale":"fr_FR","og_type":"article","og_title":"U17 Gar\u00e7ons - Herblay Basketball Club","og_description":"U17 Gar\u00e7ons Coach Mathis &amp; Yanis Lundi de 21h00 \u00e0 22H30 Mercredi de 19H30 \u00e0 21H00 \u00bb Gymnase des Naquettes","og_url":"https:\/\/herblaybasket.fr\/?page_id=456","og_site_name":"Herblay Basketball Club","article_modified_time":"2024-12-20T16:54:00+00:00","og_image":[{"width":2560,"height":1920,"url":"https:\/\/herblaybasket.fr\/wp-content\/uploads\/P1000183-scaled.jpg","type":"image\/jpeg"}],"twitter_misc":{"Dur\u00e9e de lecture estim\u00e9e":"1 minute"},"schema":{"@context":"https:\/\/schema.org","@graph":[{"@type":"WebPage","@id":"https:\/\/herblaybasket.fr\/?page_id=456","url":"https:\/\/herblaybasket.fr\/?page_id=456","name":"U17 Gar\u00e7ons - Herblay Basketball Club","isPartOf":{"@id":"https:\/\/herblaybasket.fr\/#website"},"primaryImageOfPage":{"@id":"https:\/\/herblaybasket.fr\/?page_id=456#primaryimage"},"image":{"@id":"https:\/\/herblaybasket.fr\/?page_id=456#primaryimage"},"thumbnailUrl":"http:\/\/herblaybasket.fr\/wp-content\/uploads\/P1000183-scaled.jpg","datePublished":"2020-10-22T11:54:49+00:00","dateModified":"2024-12-20T16:54:00+00:00","breadcrumb":{"@id":"https:\/\/herblaybasket.fr\/?page_id=456#breadcrumb"},"inLanguage":"fr-FR","potentialAction":[{"@type":"ReadAction","target":["https:\/\/herblaybasket.fr\/?page_id=456"]}]},{"@type":"ImageObject","inLanguage":"fr-FR","@id":"https:\/\/herblaybasket.fr\/?page_id=456#primaryimage","url":"http:\/\/herblaybasket.fr\/wp-content\/uploads\/P1000183-scaled.jpg","contentUrl":"http:\/\/herblaybasket.fr\/wp-content\/uploads\/P1000183-scaled.jpg","width":2560,"height":1920},{"@type":"BreadcrumbList","@id":"https:\/\/herblaybasket.fr\/?page_id=456#breadcrumb","itemListElement":[{"@type":"ListItem","position":1,"name":"Accueil","item":"https:\/\/herblaybasket.fr\/"},{"@type":"ListItem","position":2,"name":"U17 Gar\u00e7ons"}]},{"@type":"WebSite","@id":"https:\/\/herblaybasket.fr\/#website","url":"https:\/\/herblaybasket.fr\/","name":"Herblay Basketball Club","description":"Air Blay!","publisher":{"@id":"https:\/\/herblaybasket.fr\/#organization"},"potentialAction":[{"@type":"SearchAction","target":{"@type":"EntryPoint","urlTemplate":"https:\/\/herblaybasket.fr\/?s={search_term_string}"},"query-input":{"@type":"PropertyValueSpecification","valueRequired":true,"valueName":"search_term_string"}}],"inLanguage":"fr-FR"},{"@type":"Organization","@id":"https:\/\/herblaybasket.fr\/#organization","name":"Herblay Basketball Club","url":"https:\/\/herblaybasket.fr\/","logo":{"@type":"ImageObject","inLanguage":"fr-FR","@id":"https:\/\/herblaybasket.fr\/#\/schema\/logo\/image\/","url":"http:\/\/herblaybasket.fr\/wp-content\/uploads\/cropped-cropped-LOGO-HBBC-1.png","contentUrl":"http:\/\/herblaybasket.fr\/wp-content\/uploads\/cropped-cropped-LOGO-HBBC-1.png","width":200,"height":100,"caption":"Herblay Basketball Club"},"image":{"@id":"https:\/\/herblaybasket.fr\/#\/schema\/logo\/image\/"}}]}},"_links":{"self":[{"href":"http:\/\/herblaybasket.fr\/index.php?rest_route=\/wp\/v2\/pages\/456","targetHints":{"allow":["GET"]}}],"collection":[{"href":"http:\/\/herblaybasket.fr\/index.php?rest_route=\/wp\/v2\/pages"}],"about":[{"href":"http:\/\/herblaybasket.fr\/index.php?rest_route=\/wp\/v2\/types\/page"}],"author":[{"embeddable":true,"href":"http:\/\/herblaybasket.fr\/index.php?rest_route=\/wp\/v2\/users\/3"}],"replies":[{"embeddable":true,"href":"http:\/\/herblaybasket.fr\/index.php?rest_route=%2Fwp%2Fv2%2Fcomments&post=456"}],"version-history":[{"count":43,"href":"http:\/\/herblaybasket.fr\/index.php?rest_route=\/wp\/v2\/pages\/456\/revisions"}],"predecessor-version":[{"id":3275,"href":"http:\/\/herblaybasket.fr\/index.php?rest_route=\/wp\/v2\/pages\/456\/revisions\/3275"}],"wp:featuredmedia":[{"embeddable":true,"href":"http:\/\/herblaybasket.fr\/index.php?rest_route=\/wp\/v2\/media\/1231"}],"wp:attachment":[{"href":"http:\/\/herblaybasket.fr\/index.php?rest_route=%2Fwp%2Fv2%2Fmedia&parent=456"}],"curies":[{"name":"wp","href":"https:\/\/api.w.org\/{rel}","templated":true}]}}